of l.
2, 5
What are the prime factors of (2/(-3))/((-30)/4545)?
101
Let r be 30/(-4)*(-8)/10. Let q(z) = -z**2 + 6*z + 5. What are the prime factors of q(r)?
5
Suppose -2*b + 3*t = 7*t + 68, 4*b = -t - 108. Let f(z) = 2*z**2 + 14*z + 7. Let s be f(-9). Let h = s + b. List the prime factors of h.
17
Let h = 7 - 5. Suppose -3*c = 9, 7 = h*a + 4*c + 3. List the prime factors of a.
2
Let u(n) = -n**2 + 3*n + 1. Let o be u(4). List the prime factors of (o/(-4))/((-9)/(-252)).
3, 7
Let u = -12 + 14. What are the prime factors of u?
2
Suppose -p + 3 = 0, -5 = 3*z - 5*p + 4. Suppose -z + 0 = -f. Suppose 2*d - 32 = -f. What are the prime factors of d?
3, 5
Suppose -2*g + 3 = x, -5*x - 7*g + 2*g = -15. Suppose 2*z + 1 = 3*z - x*y, 3 = -z + 5*y. List the prime factors of z.
7
Suppose -2*r - 100 = -6*r. What are the prime factors of r?
5
Let k = 32 - 9. Suppose k = t + 3. Suppose -3*f + t = c - 0*c, f + 12 = -5*c. List the prime factors of f.
2
Suppose 0 = -4*c - 0*c + 132. Let r = 52 - c. List the prime factors of r.
19
Let z(n) = 9*n**3 - n**2 - 3*n + 1. Let f be z(2). Suppose 0*u + 3*u = f. List the prime factors of u.
3, 7
Suppose 3*z - 6*z = 4*n - 11, 0 = 2*n + 4*z - 8. Suppose -3*d = 2*p - 42, -3 = -n*d - 3*p + 30. List the prime factors of d.
2, 3
Let l be 2/(-10) - (-58)/(-10). Let v = 5 + l. Let q = 1 - v. What are the prime factors of q?
2
Suppose 20 = 5*x + 5. Suppose 3*y = -4*l + 4*y + 21, -x*l + 4*y + 19 = 0. What are the prime factors of l?
5
Let m(y) = y**3 + 5*y**2 + y - 4. Let x be m(-4). Let k = x + 2. List the prime factors of k.
2, 5
Let j(g) = -11*g - 25. What are the prime factors of j(-8)?
3, 7
Let q(m) be the first derivative of 8/3*m**3 - 10*m + 5/2*m**2 + 1/4*m**4 + 2. List the prime factors of q(-7).
2
List the prime factors of (8/20)/((-3)/(-105)).
2, 7
Suppose -4*b = b - 120. Let g = -14 + b. List the prime factors of g.
2, 5
Let s(o) = 5*o**2 + 12*o + 5. What are the prime factors of s(-7)?
2, 83
Suppose 0 = -2*v - 8*v + 1000. List the prime factors of v.
2, 5
Let m = -31 - -56. What are the prime factors of m?
5
Suppose 0*o + 118 = 2*o. List the prime factors of o.
59
Let t = 11 - 11. Suppose t*d + d + 10 = x, 3*x + d = 18. What are the prime factors of x?
7
Let j = -41 - -93. Suppose 4*x = -3*o - 2*o + 59, -3*x = -5*o + j. Suppose 2*p - o = p. What are the prime factors of p?
11
Let v(s) = s**3 - 5*s**2 + 3. Let d be v(5). Suppose -d*z = -2*z - 12. List the prime factors of z.
2, 3
Let p = 4 + 18. List the prime factors of p.
2, 11
Let w = 1 + -1. Suppose w = -5*m - 2*h + 33, -3*m + 22 = -m + 3*h. What are the prime factors of m?
5
Let t = 9 - 5. Suppose 2*a - 5*i - 45 = 0, 3*a - 2*a - 4*i - 27 = 0. Suppose 3*c = t*f - 35, 4*f + 4*c - a = 13. List the prime factors of f.
2
Suppose -5*w + 0*n - n - 108 = 0, 2*n = 4. Let v = w - -41. List the prime factors of v.
19
Suppose -2*t - 4 = 4*z, 0 = -0*t - 2*t - 5*z - 7. Suppose 5*m + 1 = -t. Let u = m - -8. List the prime factors of u.
7
Let d(w) = w**2 + 5*w + 6. Let b be d(-4). Suppose 0*l = -2*l - b*c + 16, -3*l = 4*c - 24. What are the prime factors of l?
2
Let d = 81 - 34. List the prime factors of d.
47
Suppose -y = y + 12. Let r be y*3/10*-5. Let t = r - 2. What are the prime factors of t?
7
Let a be 40 - (2/(-2) - -4). Suppose b - a = 2*r, -2*b + 3*r + 26 = -48. List the prime factors of b.
37
Let p = 11 - 8. What are the prime factors of p?
3
Let c(f) = f**3 - 3*f**2 - 4*f - 4. Let g be c(4). Let i = 8 + g. What are the prime factors of i?
2
Suppose -3*c = 2*c. Let d(b) be the third derivative of -b**5/60 - b**4/24 + b**3/2 + 2*b**2. What are the prime factors of d(c)?
3
Let d(x) = 3*x - 8. Let q(s) = 7*s**3 + 2*s**2 - 1. Suppose 5*u - 6 = k, -5*u + k = -3*k - 9. Let j be q(u). List the prime factors of d(j).
2
Let l(i) = 2*i + 4. Suppose -4*b = 4*q - 8, b - 6*b + 4*q = -28. Let g be l(b). Let f = g - 8. What are the prime factors of f?
2
Suppose -13*s = -14*s + 16. List the prime factors of s.
2
Let d(v) = v**2 + 11*v - 7. What are the prime factors of d(-14)?
5, 7
Let c(w) = 17*w**2 + 4*w - 3. List the prime factors of c(3).
2, 3
Suppose d + q - 34 = -q, 0 = -5*q + 15. Let a = d + 4. What are the prime factors of a?
2
Let x(n) = -7*n - 1. Let a be x(-3). Suppose -q - a = -6*q. Suppose 0 = r - 0 - q. What are the prime factors of r?
2
Suppose -4*a - 2*b = 26, 4*a - 4*b = -8*b - 24. Let x = 14 + a. List the prime factors of 2 + 0 + x + -1.
2
Suppose 15 = -0*c + 3*c. Suppose -2*n = -m - 10, 3*m - 55 = -c*n - 2*m. Suppose -b + 3 = -n. List the prime factors of b.
2, 5
Suppose -5*y - 137 + 452 = 0. Suppose 3*k - y = -15. Suppose u = -u + k. List the prime factors of u.
2
Let r be (-2)/11 - ((-2784)/66 - 1). Let y(k) = k**3 + 2*k**2 - 2*k - 2. Let d be y(-2). List the prime factors of 2/(-4) + r/d.
3, 7
Let t(y) = -1. Let k(o) = -2*o - 11. Let d(l) = k(l) - 3*t(l). Let z be d(9). Let f = -18 - z. List the prime factors of f.
2
Let u(v) = -61*v - 2. List the prime factors of u(-3).
181
Let p be (3/2)/((-9)/132). Let m = -16 - p. What are the prime factors of m?
2, 3
What are the prime factors of 10 + 0/3 + 4?
2, 7
Let m(s) be the second derivative of -7/6*s**3 - 3*s**2 + 2*s + 1/12*s**4 + 0. List the prime factors of m(9).
2, 3
Suppose 25 = -5*m, -2*m - 64 = 4*y + 2*m. Let z = y - -19. What are the prime factors of z?
2
Suppose -2*s = -6*s + 60. Suppose 2*p - s = n, 2*p + 3*n + 21 = 4*p. Let x = -4 + p. What are the prime factors of x?
2
Let b(m) = -m**2 + 5*m + 6. Let g be b(6). Suppose 4*r = -g*r + 32. Suppose d - 3 = r. What are the prime factors of d?
11
Let v be (-2)/(0 + 4)*-2. Let o = 5 - v. Suppose -o*d + 62 = y, 2*d + 2*y - 40 = -6. List the prime factors of d.
3, 5
List the prime factors of 38 + -7 + -2*2.
3
Let p(v) = 12*v + 5. Let y be p(-7). Let c = 131 + y. Suppose 4*k - 26 = 2*k + 5*f, f = -4*k + c. What are the prime factors of k?
13
Let d(t) = 3*t**2 - t. Let n be d(1). Suppose -11 = p - n*p. List the prime factors of p.
11
Let t be 40/(-7) + (-4)/14. Suppose -2*w = 4*h - 50, 0*h = h + w - 11. Let q = h + t. List the prime factors of q.
2
Suppose 5 = -p + f, 3 + 6 = -p + 2*f. Let x(g) = 29*g. Let n be x(p). Let m = n - -40. List the prime factors of m.
11
Let u(b) = -b**3 - 5*b**2 - b - 7. Let s be u(-6). Let p = s + -22. What are the prime factors of p?
13
List the prime factors of (50/4)/((-11)/(-22)).
5
Suppose -d + 10 = -17. Let b = 41 - d. What are the prime factors of b?
2, 7
Suppose 3*h = 0, 2*h = -s + 3*h + 134. List the prime factors of s.
2, 67
Let f(s) = s**2 + 2*s - 1. Suppose -3*u = -51 + 9. Suppose -7*o + 3*o - 5*b - 30 = 0, -2*o - u = 2*b. List the prime factors of f(o).
2, 7
Let c(u) = 10*u - 2. Let r = 12 - 9. What are the prime factors of c(r)?
2, 7
Let b be (-2)/(-3) - 39/(-9). Suppose 4*p - q = -3*q + 40, -65 = -5*p + b*q. What are the prime factors of p?
11
Suppose q + 6 = 9. Suppose 0 = -t - q*t + 20. What are the prime factors of t?
5
What are the prime factors of 948/10 + 48/(-60)?
2, 47
Suppose -4*b + 5*o = 36, 5*o - 32 = 3*b - 0*b. What are the prime factors of b*(0 + (-81)/12)?
3
Suppose -t + 5*t - 124 = 0. What are the prime factors of t?
31
Let w(s) be the first derivative of s**4/4 + 2*s**3/3 - 5*s**2/2 - 3*s + 3. Let i be w(-3). Suppose i*r + 4 = 4*r. What are the prime factors of r?
2
Suppose -c = -y - 0 - 104, 2*c + 3*y - 203 = 0. What are the prime factors of c?
103
Let y be 2/(-4) - (-403)/26. Suppose y = q - 16. What are the prime factors of q?
31
List the prime factors of (-27)/(12/(-16)*1).
2, 3
Let m(v) = 2*v**3 - v**2 - 12. List the prime factors of m(4).
2, 5
Let k be (-17)/2 - 3/6. Let d = 3 + -9. List the prime factors of 2*(k/d - 0).
3
Let a(w) = w**3 + 16*w**2 + 14*w - 10. Let k be a(-15). Suppose 0 = h + 2*d - k*d - 5, 2*h + 2*d = 50. What are the prime factors of h?
2, 5
Let i be (-1)/((2/1)/4). What are the prime factors of (-1 - i) + 1/1?
2
Let j(y) = 2*y + 10. List the prime factors of j(3).
2
Let h(t) = 11*t - 1. Let o be h(-6). Let q = o - -99. What are the prime factors of q?
2
Let q(p) = -4*p - 18. Let v be q(-12). Suppose 3*l = l + v. What are the prime factors of l?
3, 5
What are the prime factors of 1*(-4)/8*-8?
2
Let b = 75 - 16. What are the prime factors of b?
59
Let g(u) = -18*u - 12. List the pr